t d(y) = 2*y - 23*y**2 + 23*y**2 + 7*y**2 + y**3 + 16. Determine d(-7).
2
Suppose 3*r - 4*l - l = 2, 0 = l - 2. Let k(u) = 0*u + 4 + 5*u - r*u + 0*u. Give k(0).
4
Let j(x) = -8 - 7*x**2 - x**3 - 5 + 18 - 9*x - 14. Let m(i) be the first derivative of -i**2/2 - 2*i - 1. Let v be m(4). Calculate j(v).
9
Let p(f) = f**2 - 9*f - 26. Suppose -9*m + 131 - 23 = 0. Calculate p(m).
10
Let v(g) = g + 5. Let y = -64 - -69. Suppose 2*i + 21 = -y*i. What is v(i)?
2
Suppose -3*x + 5*x = -12. Let h be x/9 + 59/3. Let u = -16 + h. Let l(f) = f**2 - 4. Determine l(u).
5
Let b(s) = s**3 - 4*s**2 - 2*s - 5. Suppose j + 17 = 3*n, 2 - 17 = -5*n. Let c(k) = -k**3 - 10*k**2 - 18*k - 12. Let v be c(j). Determine b(v).
-13
Suppose -8*l - 18 = -5*l. Let z(q) be the second derivative of -q**4/12 - 7*q**3/6 - 9*q**2/2 - 15*q. Calculate z(l).
-3
Let g = -18 - -46. Let k = g + -26. Suppose 2 = -k*z - 2*d, 2*d + 2*d - 5 = 5*z. Let o(v) = 8*v. Determine o(z).
-8
Let y(k) = 3*k**2 - 32*k + 8. Let d(h) = h**2 - 11*h + 3. Let p(s) = -8*d(s) + 3*y(s). Calculate p(9).
9
Let k(c) = 499*c - 500*c - 2 + 8 - 1. Give k(5).
0
Let i be 676/36 - (-4)/18. Let m = i + -17. Let z be -10*(-4 + 9/m). Let f(l) = l**3 + 5*l**2 - 2*l + 3. Give f(z).
13
Let s(t) be the second derivative of -t**5/20 - t**4/4 + t**3/3 - t - 1. Calculate s(-3).
-6
Let w(k) be the third derivative of -k**4/24 - k**3/3 - 73*k**2 - 2*k. Give w(-3).
1
Let z(t) = -2*t**2 - 4*t - 7. Let a(m) = 3*m**2 + 7*m + 13. Let o(k) = -3*a(k) - 5*z(k). Suppose 5*q = -q + 30. Give o(q).
16
Let l be 1/2*16/2. Let m(b) be the third derivative of -b**4/24 - 2*b**2 - 36. Calculate m(l).
-4
Let r be 2/9 - (-50)/18. Let y(w) = -3*w - 7. Let o(n) = -12*n - 23. Let b(t) = -2*o(t) + 7*y(t). Determine b(r).
6
Let x(t) be the third derivative of -t**4/6 + t**3/6 - 76*t**2 + 2*t. Suppose 0 = 2*a + 3 + 1. Give x(a).
9
Let j be -2 + (-51)/(-15) + 6/10. Let x(k) = -k**3 + 3*k**j - 532 + 532 + 2*k + 0*k**2. Determine x(3).
6
Suppose -6*h - 15 = -3*h. Let r be h/2*36/(-45). Let b(x) = 1 + 56*x - 3*x**3 - 5*x**r - 54*x + 4*x**3 - 6. Give b(5).
5
Let u(o) = o**2 + 3*o - 3. Let i(w) = -w**2 - 5*w + 2. Let y(g) = -5*i(g) - 4*u(g). Give y(-14).
16
Let n(b) = b - 1. Suppose -z - 8 = -5*c, 2*z = 8*c - 3*c - 11. Let o be (c + -1)/(5 + -2). Suppose o = 5*v - 7*v - 6. Give n(v).
-4
Let z(g) = g - 3. Let p(y) = -2*y**2 - 4*y + 9. Let q be p(3). Let j be (-135)/35 + 3/q. What is z(j)?
-7
Let j(r) be the third derivative of r**6/120 - 3*r**5/20 + 7*r**4/24 + 2*r**3/3 + 22*r**2. What is j(8)?
-4
Let x(a) = a**3 - 6*a**2 + 3*a - 5. Let n(s) = s**2 - 8*s + 22. Let f be n(4). Determine x(f).
13
Let v(w) = -12*w**2 - 2. Let a(g) = -3*g**2 - g - 1. Let h(z) = -3*a(z) + v(z). Calculate h(3).
-17
Let j(n) be the first derivative of 5*n**2 - 3*n + 132. Calculate j(2).
17
Let y(r) = -3*r + 16*r**2 - 30 + 37 - 5*r - 15*r**2 - 32. Calculate y(12).
23
Let x = 51 - 47. Let w(v) = v**2 - 6*v + 6. Give w(x).
-2
Suppose 21 = 5*s + 2*b, b = -3*s + 3*b + 3. Let a(g) = -g**3 + 2*g**2 - 3*g - 3. What is a(s)?
-21
Let w(q) = q**2 - 3*q - 7. Suppose 10 = 5*n - 0*n, 0 = 3*b - 3*n + 72. Let d = -21 - b. Let a be -3 + 5 + d + 2. Calculate w(a).
3
Let t(x) be the first derivative of 4*x**3/3 - x + 96. Determine t(-1).
3
Let h(n) = -n**2 + 9*n - 16. Let u = -2236 + 2244. What is h(u)?
-8
Let i(k) = 4*k + 2. Let a(s) = -s + 2. Let y(h) = h + 1. Let c(u) = a(u) - 3*y(u). Let n(q) = 6*c(q) + 5*i(q). Let r be 2*(-1)/(-4)*6. Calculate n(r).
-8
Let s(d) = -12*d - 1. Let a = 51 + -62. Let y(p) = -p**3 - 12*p**2 - 12*p - 10. Let c be y(a). What is s(c)?
-13
Suppose -3*t - 8 = 7, 2*w - 37 = 5*t. Let c(p) = 5*p**2 - 6*p - 3. Let m = 2 - 5. Let u(r) = -4*r**2 + 6*r + 2. Let z(b) = m*c(b) - 4*u(b). Give z(w).
1
Let j(l) = -l - 32. Let n(f) = f + 32. Let h(s) = 3*j(s) + 4*n(s). Calculate h(-14).
18
Let x(b) = b**3 - 2*b**2 - b + 1. Suppose m - 5*m = -72. Suppose -l + 3*j = m, -3*j = -4*l - 8 - 19. Let r = 5 + l. Determine x(r).
-1
Let g be (60/(-45))/((-1)/(-6)). Let f be (g/(-6))/((-12)/(-18)). Let c(o) = o - 159 + o**3 - o + 2*o**f + 162. Give c(-3).
-6
Let g(y) be the second derivative of y**4/12 - 7*y**3/6 - 12*y**2 - 41*y + 1. Determine g(10).
6
Suppose 0 = -14*l + 330 - 190. Let f(w) = -w - 2. Calculate f(l).
-12
Suppose -5*n - 1 + 11 = 0. Let k(y) = -4 + n - 8*y**3 + y**2 + 1. Let p(f) = f**2 + 51*f - 541. Let v be p(9). Calculate k(v).
8
Let a be (-11 + 6 - -6)*(2 + 2). Let v(y) be the second derivative of -1/6*y**3 - y + 0*y**2 + 0. Calculate v(a).
-4
Let p(d) be the first derivative of d**3/3 + d**2 - 2*d + 171. Give p(-3).
1
Let y(n) = 4 - 1 + n**3 - 6*n**2 - 2*n**3. Suppose -4*k + 15 - 68 = 5*w, 3*k + 6 = 3*w. Calculate y(w).
-22
Let d = 61 + -69. Let w be ((-8)/d)/((2/(-10))/1). Let j(i) = i**2 + 6*i + 4. Determine j(w).
-1
Let u be ((-6)/10)/((-9)/45). Suppose -u*v - 4 = 4*a + v, 3*v - 21 = 5*a. Let g(d) = 0*d**2 - 2 + 2*d + d**2 + 5. Calculate g(a).
6
Suppose -3*i - 20 = 2*i. Let d = -8 - i. Let v(a) = -a**2 - 7*a - 8. Let o be v(d). Let j(k) = 2*k - 4. Give j(o).
4
Let w(v) = -4*v**2 + 5*v - 3. Suppose 0 = -10*h + 26*h - 48. Determine w(h).
-24
Suppose 6*h - 7683 = -7719. Let p(a) = 11*a - 5. Determine p(h).
-71
Let m(r) be the third derivative of r**5/30 - 5*r**4/24 - r**3/2 + 57*r**2. What is m(7)?
60
Suppose 0 = 2*m + m - 225. Let u(z) = m + 0*z**2 - 3*z**2 - 76 + 2*z**2 + 4*z. Suppose -i + 3 = -0*i. Determine u(i).
2
Let h(d) be the second derivative of d**5/24 - d**4/24 - 2*d**3 + 48*d. Let l(x) be the second derivative of h(x). Give l(-6).
-31
Let i(c) = c - 14. Let s = 0 - 16. Let p be (s/24)/((-4)/42). Determine i(p).
-7
Let z(w) be the second derivative of w**5/120 + w**4/3 + w**3/2 - 3*w. Let t(h) be the second derivative of z(h). Let f be (-2 - (-9)/(-6) - -3)*10. Give t(f).
3
Suppose 2343*j - 2386*j - 344 = 0. Suppose 0 = g + 4*l - 11, -g + 13 = 2*g + 2*l. Let o(h) = -7 - g + h**2 + 0*h + 7*h. Determine o(j).
-2
Let i(j) = -j + 4. Let n be -2 + 5/(-5) + 6. Let y be i(n). Let c(p) = -6*p**2 + 2*p - 1. What is c(y)?
-5
Let w(i) = i**3 - 11. Suppose 8*t = 12*t + 424. Let j be 4/22 + t/(-22). Suppose -3*g = j*g. Give w(g).
-11
Let j = 447 - 452. Let z(s) = -s - 7. Determine z(j).
-2
Let d(q) = q - 1. Let t(g) = 15*g - 13. Let o(c) = -8*c + 7. Let w(l) = 5*o(l) + 3*t(l). Let u(f) = -22*d(f) + 4*w(f). Determine u(6).
-6
Let z(y) be the second derivative of -y**5/20 - 5*y**4/12 + y**3/3 + 5*y**2/2 + 840*y. Let a(u) = -2*u**2 - 4*u + 1. Let i be a(-3). What is z(i)?
-5
Let o(y) = 9*y**2 + 2*y - 1. Let t = 53 + -45. Suppose -3*w = d - 16, 0*d - t = -3*d - w. Determine o(d).
10
Let h be -1*2/(1 - -3)*2. Let d(t) = t**2 - 5*t. Let z(y) = -y**2 - y. Let f(c) = h*d(c) + 3*z(c). Determine f(-2).
-20
Let r(w) = -w**2 - 2*w + 3. Let j(a) = -2*a**2 - 7*a + 14. Let o(g) = j(g) - 4*r(g). Give o(2).
12
Let r(h) = -19*h**2 + 2*h - 5. Let a(c) = 18*c**2 - c + 3. Let v(z) = 3*a(z) + 2*r(z). What is v(1)?
16
Let p(c) = c**3 - 4*c**2 - 5*c + 2. Suppose -g - 5 = -5*z + 5, -4*z = -2*g - 2. Give p(g).
2
Let u be -5*(1 + (-3 - 232/10)). Let k = 123 - u. Let z(p) be the first derivative of -3*p**2/2 + p - 1. Determine z(k).
10
Let i(l) = -2*l + 6*l - 6*l**2 - l - 2*l. Suppose 2*w - 12 = -3*v, -5*v + 3 = -3*w + 2. Suppose 4 = 7*g - w*g. Calculate i(g).
-5
Let d(a) = -12*a + 28. Let c(b) = 4*b - 10. Let h(k) = -17*c(k) - 6*d(k). Give h(4).
18
Let k = -40 - -51. Let v(d) = -k - 8*d**2 + 7*d - d**2 + 8*d**2. Determine v(6).
-5
Let f(a) = 7*a**2 - 7*a - 13. Let u(s) = -s**2 + s + 1. Let g(h) = f(h) + 6*u(h). Give g(5).
13
Let o(k) = -k - 1. Let q = -29 - 5. Let i be q/(-3)*9/6. Suppose 0 = -4*u + 3 + i. What is o(u)?
-6
Let n(x) = -5 - 1 - 5*x + 2*x**2 + 4*x + 2*x**2 + 2. Give n(-3).
35
Let b(h) = h**2 + 10*h + 9. Let t(n) = n**3 - 54*n**2 + 6*n - 331. Let w be t(54). Determine b(w).
-12
Let w(d) = 7*d**2 - 11*d - 5. Let n(m) = -m**2 + m + 1. Suppose 22 = 4*l - 2. Let x(i) = l*n(i) + w(i). Determine x(3).
-5
Let v(k) = -k - 1. Let g be v(-1). Suppose 16*i = 46 + 130. Suppose -c + g = m - 5, m + i = 3*c. Let z(d) = d**3 - 4*d**2 - 2. Determine z(c).
-2
Let z = -9 + 6. Let f(s) = 2*s - 7. Let k(w) = -1. Let n(a) = f(a) - 4*k(a). Determine n(z).
-9
Let g(f) = -2*f - 14. Let z be g(-7). Suppose -i - 3*y - 8 = z